
True
Does 5348 divide 147904288?
True
Does 2036 divide 519392268?
False
Is 178128 a multiple of 1907?
False
Is 158935483 a multiple of 960?
False
Is 2129 a factor of 15724362?
False
Is 5807 a factor of 339629246?
False
Is 2412 a factor of 107587015?
False
Is 25199867 even?
False
Is 849 a factor of 2484180712?
False
Is 60650652 a multiple of 534?
True
Is 3602298 a multiple of 42?
True
Does 144 divide 916702043?
False
Is 758 a factor of 27678551?
False
Is 588030984 a multiple of 24?
True
Is 25247680 a multiple of 366?
False
Does 372 divide 6484332?
True
Does 50 divide 64562600?
True
Is 437 a factor of 108678774?
False
Does 41 divide 33830259?
False
Is 207579175 a multiple of 46?
False
Does 187 divide 7625299?
True
Does 142 divide 1776809099?
False
Is 17 a factor of 50536909?
False
Is 83 a factor of 1649896244?
True
Is 23 a factor of 707279854?
True
Is 493 a factor of 126888252?
False
Is 154 a factor of 35147702?
False
Is 21301258 a multiple of 20?
False
Is 561048 a multiple of 482?
True
Is 326 a factor of 166845170?
True
Does 638 divide 125468608?
False
Is 492 a factor of 710911177?
False
Is 4286408 a multiple of 14?
True
Is 39 a factor of 754983265?
False
Is 179294955 a multiple of 23?
False
Does 192 divide 3880814?
False
Is 18 a factor of 311171346?
True
Is 782 a factor of 157955252?
False
Does 12 divide 374709660?
True
Is 92824110 a multiple of 135?
True
Is 4430104011 a multiple of 31?
True
Does 10 divide 29061179?
False
Does 6 divide 76159637?
False
Does 30 divide 106840759?
False
Is 251712664 a multiple of 179?
True
Is 32301513 a multiple of 549?
True
Is 2689 a factor of 697349126?
True
Is 338141732 a multiple of 8?
False
Is 35573264 a multiple of 1232?
False
Does 30 divide 21528036?
False
Does 108 divide 43030656?
True
Is 16 a factor of 17582848?
True
Is 12 a factor of 322909954?
False
Is 393186440 a multiple of 281?
True
Does 19 divide 27459525?
False
Is 120 a factor of 83668790?
False
Does 454 divide 1875341?
False
Is 34543520 a multiple of 95?
True
Is 14 a factor of 63131233?
False
Does 292 divide 8678857?
False
Is 58038070 a multiple of 5?
True
Is 727853743 a multiple of 3854?
False
Is 126442630 a multiple of 61?
True
Is 88735521 a multiple of 287?
True
Is 10850485 even?
False
Does 74 divide 68728758?
True
Is 13 a factor of 276532713?
False
Is 30507415 a multiple of 1573?
False
Does 2086 divide 1480778390?
True
Is 90864960 a multiple of 320?
True
Does 14 divide 27599586?
True
Is 208 a factor of 32408688?
True
Is 932 a factor of 29575512?
False
Is 119 a factor of 45826744?
False
Does 68 divide 1233698?
False
Is 685 a factor of 182806635?
True
Does 816 divide 199423035?
False
Is 21 a factor of 93957848?
False
Is 17 a factor of 408254671?
False
Is 6207275 a multiple of 30?
False
Does 21 divide 1038492?
True
Is 970018 a multiple of 14?
True
Does 104 divide 73365032?
True
Is 33 a factor of 36859438?
False
Is 736011561 a multiple of 217?
False
Is 31730641 a multiple of 26?
False
Is 136 a factor of 11257672?
True
Is 269 a factor of 100307034?
False
Is 9 a factor of 219440889?
True
Is 3432 a factor of 6987552?
True
Does 161 divide 31130799?
True
Is 26 a factor of 157986162?
False
Is 10 a factor of 3380772713?
False
Is 145607598 a multiple of 27?
True
Does 201 divide 4713879?
False
Does 254 divide 130547025?
False
Does 14 divide 49994903?
False
Does 494 divide 842889035?
False
Does 389 divide 101291710?
True
Is 12474 a factor of 799408764?
True
Is 126 a factor of 175473274?
False
Is 673 a factor of 319148980?
False
Does 159 divide 33905559?
False
Is 308127693 a multiple of 31?
True
Does 441 divide 182465073?
True
Does 4703 divide 40737386?
True
Is 160356168 a multiple of 873?
False
Is 308 a factor of 1615969610?
False
Is 86 a factor of 194122640?
True
Does 59 divide 5759108?
True
Is 639157130 a multiple of 93?
False
Is 26 a factor of 4414597635?
False
Is 920235360 a multiple of 76?
True
Is 31677993 a multiple of 9?
True
Does 1724 divide 17714100?
True
Does 3121 divide 86648476?
False
Does 1173 divide 95759690?
False
Does 631 divide 34287278?
True
Is 558902356 a multiple of 36?
False
Does 143 divide 465166864?
False
Is 11 a factor of 24201287?
True
Is 618 a factor of 4672381584?
True
Does 12 divide 41522136?
True
Is 144 a factor of 1334694672?
True
Is 405412857 a multiple of 6577?
True
Does 186 divide 370612068?
True
Is 225503108 a multiple of 312?
False
Is 1109605647 a multiple of 1941?
True
Does 1656 divide 18750375?
False
Is 3332 a factor of 47777449?
False
Is 402273189 a multiple of 75?
False
Is 745 a factor of 30878015?
True
Is 92 a factor of 9282102?
False
Is 50952420 a multiple of 116?
True
Does 19 divide 315805507?
False
Is 14 a factor of 6232600?
False
Is 9953536 a multiple of 32?
True
Is 52 a factor of 74300908?
False
Is 52105661 a multiple of 215?
False
Does 19 divide 115004487?
False
Does 231 divide 176227128?
True
Does 19 divide 686732315?
False
Does 82 divide 203420270?
True
Does 2221 divide 56522229?
True
Does 2 divide 1614877?
False
Does 693 divide 641197185?
False
Is 220 a factor of 243551880?
True
Is 75129920 a multiple of 16?
True
Is 84 a factor of 690640188?
True
Is 51550925 a multiple of 662?
False
Does 65 divide 57415931?
False
Does 14 divide 47100508?
True
Is 1471 a factor of 927687920?
False
Is 412962 a multiple of 66?
True
Is 159935203 a multiple of 21?
False
Is 20 a factor of 41090260?
True
Is 54 a factor of 1118880432?
True
Is 1212 a factor of 653207400?
True
Does 8 divide 78285841?
False
Is 41273875 a multiple of 1089?
False
Is 6843135 a multiple of 57?
True
Does 1412 divide 29443289?
False
Is 618 a factor of 4190598672?
True
Is 681064532 a multiple of 4890?
False
Is 182 a factor of 13535886?
True
Is 908 a factor of 23707880?
True
Is 9826316 a multiple of 314?
True
Does 5 divide 152761360?
True
Is 3032 a factor of 1904944526?
False
Is 40 a factor of 104766706?
False
Is 179 a factor of 58221462?
False
Is 405 a factor of 142856055?
True
Is 38524095 a multiple of 6?
False
Is 236 a factor of 8844808?
True
Does 407 divide 2006275975?
True
Is 167 a factor of 38351383?
True
Does 7030 divide 1058848340?
False
Is 45378883 a multiple of 11?
True
Does 13 divide 483972463?
True
Is 609700938 a multiple of 163?
False
Does 9443 divide 1704017679?
True
Does 68 divide 32198792?
False
Does 1448 divide 1090942024?
True
Does 55 divide 868417660?
True
Is 119 a factor of 49934748?
False
Is 22643418 a multiple of 311?
False
Is 63 a factor of 409039220?
False
Is 364367 a multiple of 38?
False
Is 28 a factor of 1522666015?
False
Does 1757 divide 152299506?
False
Is 187765474 a multiple of 800?
False
Does 691 divide 29520211?
True
Is 188678840 a multiple of 14?
True
Is 36605108 a multiple of 297?
False
Is 155005320 a multiple of 5?
True
Is 1134195051 a multiple of 1991?
True
Does 410 divide 89441500?
True
Is 120 a factor of 18822397?
False
Is 39580168 a multiple of 21?
False
Is 35278965 a multiple of 1499?
True
Is 1078 a factor of 845831958?
False
Does 9 divide 292646163?
False
Does 22 divide 194242270?
False
Is 139226619 a multiple of 1578?
False
Is 42180890 a multiple of 610?
True
Is 295842250 a multiple of 550?
True
Does 379 divide 32576566?
True
Is 214084850 a multiple of 7?
True
Is 1153 a factor of 129244382?
True
Does 2069 divide 705733831?
True
Is 3261 a factor of 93408084?
True
Is 27 a factor of 18959282?
False
Is 60 a factor of 384717420?
True
Is 108 a factor of 37228464?
True
Is 32273457 a multiple of 2?
False
Is 492 a factor of 1408535841?
False
Is 756 a factor of 57273898?
False
Is 32 a factor of 60629152?
True
Does 1015 divide 35229635?
True
Is 14 a factor of 91676629?
False
Is 57956454 a multiple of 158?
True
Is 2732202102 a multiple of 242?
False
Does 966 divide 121204986?
True
Does 511 divide 74004215?
False
Does 478 divide 20210566?
False
Is 71036651 a multiple of 2035?
False
Does 32 divide 4603384?
False
Does 1364 divide 2176564808?
True
Is 15315754 a multiple of 10?
False
Is 45 a factor of 316842300?
True
Is 41393559 a multiple of 6?
False
Is 21237236 a multiple of 142?
True
Is 394 a factor of 75953131?
False
Is 63973926 a multiple of 10?
False
Does 355 divide 1464895075?
True
Is 2798 a factor of 397279626?
True
Does 7566 divide 2374036782?
True
Is 82 a factor of 541300416?
False
Is 253 a factor of 362652983?
True
Is 1